te h(v).
3
Let g = -4 + 9. Suppose -g*a + 1 = 11. Let d(b) = -b**2 - 2*b - 2. Let q be d(a). Let h(p) = p**2 - 3*p - 2. What is h(q)?
8
Let y(s) = 1 - s**3 - s**2 + 2*s + 6*s**2 + 0*s. Let v(t) = 223*t - 2225. Let a be v(10). Calculate y(a).
11
Let m(c) = -c - 7. Let o(b) = -b**2 + 11*b - 22. Let i be o(9). Determine m(i).
-3
Let x = 21 - 17. Let i(l) = -x*l**2 + 4*l**2 - 3*l**2 - 1 + 3 - l. Determine i(-2).
-8
Let d(z) = z**2 + 7*z + 7. Let h(w) = -5*w - 85. Let i be h(-16). Calculate d(i).
-3
Let t(f) = -2*f**3 + f**2. Let r be 0 - 0 - -4 - (1 + -11). Suppose r = -5*l - 2*l. Give t(l).
20
Let g(i) = i**2 + i - 4. Let t be g(2). Let w(k) = -5*k + 1. What is w(t)?
-9
Let a(n) = n**2 - 7*n + 34 + 4 - 23 - 15. Calculate a(9).
18
Let v(n) = 7*n - 21. Let h(d) = -8*d + 24. Let b(x) = -6*h(x) - 7*v(x). Calculate b(-5).
8
Let i(w) = -6*w + 58. Let p(c) = -2*c + 18. Let a(b) = 5*i(b) - 16*p(b). Let x be 20/1 + -6 + 4. Suppose -3*q = 3, -3*v - x + 4 = -q. What is a(v)?
-8
Let b(v) = 3*v**3 + v**2 - 2*v + 1. Let p(m) = -m - 63. Let u be p(-24). Let a = u - -37. Calculate b(a).
-15
Let f(t) = -t**2 - 9*t - 12. Let j be -6 + (4 - (8 - 4)). Let q be f(j). Let s(b) be the second derivative of b**4/12 - b**3 - 3*b**2/2 - b. What is s(q)?
-3
Let f(z) = -17*z**3 - 68 + 66 - 5*z + 15*z**3 - 5*z**2. Determine f(-2).
4
Let y(z) = z - 6. Suppose u - 4 = -2. Let a(i) = 4*i - u*i - 3*i - 10. Let x be a(-10). Give y(x).
-6
Let b(k) = -k + 5. Let x be 7 - (4 - (-2)/(-1)). Let s be -6 + 2 + (x - -7). Suppose -5*u + s = -4*j, 2*u - 1 = -4*j - 9. What is b(u)?
5
Suppose 9*n = 13*n - 2*y + 44, 2*y = 5*n + 56. Let q(t) = t**2 + 12*t + 16. Calculate q(n).
16
Let w(v) = 5*v**3 - 3*v + 3. Let i be w(1). Suppose -i*p = 4*p + 27. Let t(n) = 2*n + 0*n + 2 + n. Give t(p).
-7
Let f(g) = g**2 - 8*g + 5. Let n be 4/(4 - (-2 + 5)). Suppose c = -n*p + 23, 14 - 43 = -2*p + 3*c. What is f(p)?
-2
Let b(i) = -8 - 5*i + 1 + 2 + 4*i. Determine b(-5).
0
Suppose 2*h = 59 - 63. Let t(w) = -2*w - 11. Give t(h).
-7
Let u(v) = 3*v**2 + v + 1. Let g be u(-1). Suppose -a + g*a = 2. Let t(j) be the first derivative of j**3/3 + 3. Give t(a).
1
Suppose 329 - 413 = -14*h. Let b(s) = 4*s - 1 + s**2 - 2*s + 2 - 8*s. Determine b(h).
1
Let s(p) = 2*p. Suppose -26*k + 30*k - 16 = 0. Calculate s(k).
8
Let m(n) = n**2 - 10*n + 36. Let f be m(6). Let q(p) = -17 - f + 34 + p - 13. Give q(9).
1
Let k(r) = -2*r**2 - 1. Let z be (-2)/14 + 1054/(-119). Let j be z/(-5) + (-6)/(-30). Determine k(j).
-9
Let t(n) = -n**2 + 4. Let s be 56/(-42) + (-23)/3. Let m be (8 + s)*(-1 - 3). Let a = 8 - m. Determine t(a).
-12
Let n(s) = -19*s + 7. Let b(q) = 18*q - 5. Let p(t) = -3*b(t) - 2*n(t). What is p(2)?
-31
Let q(n) be the third derivative of n**5/60 - n**4/2 - 2*n**3 - 2*n**2 + 109. Calculate q(13).
1
Let z(p) = p**3 + 10*p**2 - 22*p + 30. Let q be z(-12). Let x(f) = f + 1. Calculate x(q).
7
Let w = 5 + -3. Suppose -37 = -3*p - 4*g, -2 = -2*p - w*g + 5*g. Let h = p + -5. Let j(b) = b**2 + 2*b - 3. What is j(h)?
5
Suppose 10*o = -93 - 7. Let k be (-58)/(-5) - (-6)/o. Let l(c) = c - 14. Give l(k).
-3
Let u(s) be the second derivative of 1/2*s**3 + 0 + 3/2*s**2 + 20*s - 1/12*s**4. Calculate u(5).
-7
Let n(j) = j + 3. Let b = 43 - -59. Let u = 102 - b. What is n(u)?
3
Let u(n) = 6 + 5 + 390*n**2 + 14*n - 3*n - 194*n**2 - 195*n**2. Let g = -12 + 2. Give u(g).
1
Let g(m) = -58*m - 5. Let n be g(0). Let f(i) be the second derivative of -i**5/20 - 5*i**4/12 + 5*i**3/6 + 2*i**2 - i. Determine f(n).
-21
Let j(u) = u**3 - 3*u**2 - 7*u + 5. Let y be j(5). Suppose 3*n + n = y. Let p(f) = f**2 - 7*f + n - f**2 + 6*f**2 - 5*f**2. Determine p(6).
-1
Let n(i) be the second derivative of -i**7/840 - i**6/240 + i**5/120 + 5*i**4/6 - 16*i. Let o(x) be the third derivative of n(x). Calculate o(2).
-17
Let j(u) = 2*u**2 - 4*u - 3. Let h(p) = -p**2 + 4*p + 2. Let y(d) = -3*h(d) - 2*j(d). Let x be y(-4). Let s(a) = -a**3 + a - 5. Determine s(x).
-5
Let t(v) be the second derivative of -v**4/12 + v**3/2 + v**2/2 + 2*v - 50. What is t(4)?
-3
Let d(t) = -2*t**2 - t + 1. Suppose 0 = 12*l + 54 - 18. Determine d(l).
-14
Let a be 9/5*(-6 - -21). Suppose 0 = -11*j - 6 - a. Let c(g) = g**3 + 3*g**2 - 2*g. Determine c(j).
6
Suppose w + 10*t - 5*t - 5 = 0, -2*t + 14 = -2*w. Let r(s) = s + 12. Calculate r(w).
7
Suppose -u + 5*j + 13 = 0, 0 = -7*u + 3*u + 3*j + 1. Let i(l) = 4*l**2 + 4*l + 3. Determine i(u).
11
Let c(b) = b - 7. Let n be ((-21)/(-21))/(2/4). Determine c(n).
-5
Suppose -k + 5*l + 3 = 6, 2*l = 2. Suppose k*v - 8 = 0, 27 = b - 2*v + 7*v. Let c(t) = -t + 4. Calculate c(b).
-3
Let o(h) = -h**2 - 5. Let d be (12/(-9))/((-2)/6). Suppose d*u = -u. Calculate o(u).
-5
Let m(f) be the second derivative of -2*f**5/5 + f**4/4 - f**3/3 + 2*f**2 + 243*f + 1. Determine m(2).
-52
Let m(u) = -u - 3*u - 6 + u**3 + 616*u**2 - 1859*u**2 + 624*u**2 + 622*u**2. What is m(-4)?
-6
Let y(j) = 15*j - 10. Let n be y(1). Let h(b) be the third derivative of 1/15*b**n - 4*b**2 + 0*b + 1/24*b**4 + 0 - 1/6*b**3. What is h(1)?
4
Let l(x) = -2*x**2 - 4*x**2 - x**3 + 50*x - 32*x - 22*x + 5. Let n be 3*-1*4/3. Give l(n).
-11
Let k(v) = -3 - 3 + 1 + 2*v. Let a = 4221 - 4213. Determine k(a).
11
Suppose -4*o = -4*w + 8, -14 - 26 = -5*w - 5*o. Let n(b) be the second derivative of 1/4*b**4 + 3/2*b**2 - w*b + 0 - 1/2*b**3. What is n(2)?
9
Let t(h) = 2*h**2 + 10*h + 4. Let i(r) = 2*r**2 - 8*r - 29. Let v be i(6). Calculate t(v).
4
Let s(p) = 2*p**3 + 15*p**2 - 7*p + 3. Let f(w) = -2*w**3 - 13*w**2 + 6*w - 3. Let o(n) = 7*f(n) + 6*s(n). Determine o(-2).
9
Let b(x) be the second derivative of -x**4/12 - 2*x**3/3 + 3*x**2 + 83*x + 1. Give b(-6).
-6
Let i(s) = -s + 2. Let k be i(0). Let h(m) = m**3 - 2*m**2 + 5*m - 5. Let w be h(k). Let b(d) = 6*d**2 + 2*d + 5*d**3 + w*d - 6*d**3. Calculate b(7).
0
Suppose 0 = 2*p + 3*z + 15, -22 = -27*p + 30*p + 5*z. Let m(w) = w**3 + 10*w**2 + w + 3. Give m(p).
75
Let c(g) = g - 3. Let l be c(5). Let v(m) = m. Let a(d) = d. Let o(u) = l*v(u) - a(u). Let t = -384 - -386. Determine o(t).
2
Let z = 29 + -27. Let x(g) = z + g + g**2 + 4*g + 4. Suppose 0*t = 2*t + 4*d - 2, 10 = t + 5*d. What is x(t)?
6
Suppose -3*q + 16 = -n, -3*n + 16 = q + 2*n. Let v(l) be the second derivative of -6*l - 4*l**2 + 0 - 1/12*l**4 + l**3. Determine v(q).
-8
Let c(f) = -f + 7. Suppose 16*j - 17*j = 0. Determine c(j).
7
Let j(c) = -8*c**2 + 2*c + 1. Suppose -2*g + 2 = -0. Let w be 6*(28/(-8) + -1 - -5). Let s be (-5)/g + 1 + w. Calculate j(s).
-9
Suppose 5*m - 4*z + 51 = -7*z, -z - 9 = m. Let o(p) = p**2 + 14*p + 28. Calculate o(m).
4
Let q(g) = 1 + 46*g**2 + 49*g**2 - 144*g**2 + g + 46*g**2. Let k(c) = -c**2 + 8. Let u be k(-3). Calculate q(u).
-3
Let b(d) = -3*d - 6. Let p(s) = -8*s + 28. Let n(r) = -3*r**2 - 17*r + 10. Let k be n(-6). Let j be p(k). What is b(j)?
6
Let b(q) = 9*q - 1. Let g(n) = 80*n - 10. Let r(f) = 35*b(f) - 4*g(f). Suppose 0*w + 10*w = -50. Let l(u) = -5*u + 6. Let a(v) = w*l(v) + 6*r(v). Give a(-2).
10
Let u(w) be the third derivative of -w**5/15 - w**2. Let p(s) = 85*s**3 - s**2 + 2*s - 2. Let d be p(1). Let y = d - 85. Determine u(y).
-4
Let u(l) = 6*l + 2. Let i(o) = -1. Let h(b) = 3*i(b) + u(b). Suppose 4*f + 0*f = 12. Suppose -5*r + 19 = -f*k, -k - 3*r + r + 12 = 0. Give h(k).
11
Let l(d) = -d**2 - 8*d + 5. Let t(a) = 2*a**2 + 7*a - 3. Let r(v) = -3*l(v) - 2*t(v). Give r(8).
7
Let i(h) = h**2 - 2. Let u(o) = 2*o**2 - 2. Let s(c) = 4*c + 5. Let n = -14 + 12. Let a be s(n). Let y(m) = a*i(m) + 2*u(m). What is y(0)?
2
Let n(f) be the first derivative of -f**4/4 - 3*f**3 - 4*f**2 + 7*f + 76. Give n(-8).
7
Let i(w) be the third derivative of -w**4/12 + 2*w**3/3 + w**2. Let o = -58 - -46. Let c(p) = -2*p - 21. Let s be c(o). What is i(s)?
-2
Suppose -5*c = -2*x + 28, -38*x - 27 = 4*c - 35*x. Let r(g) be the second derivative of g**3/6 + g**2 + g. Determine r(c).
-4
Let z(b) be the first derivative of -b**3/3 - 7*b**2/2 - 4*b + 10. Determine z(-2).
6
Let k(c) = -c**3 + 8*c**2 - 7*c - 5. Suppose 27*s = 42*s - 105. Give k(s).
-5
Let j(z) = z**3 + 6*z**2 - z - 2. Suppose 0*g = -7*g - 42. Determine j(g).
4
Let i = 30 - 20. Suppose v + i = 6*v. Let u(q) = 2*q**v + 2*q - 1 - 2*q**2 - q**2. What is u(-2)?
-9
Let b(f) be the second derivative of f**3/6 + 2*f*